e prime factors of a.
3, 23
Let f be (-1*5298/(-4))/(3/2). Let s = f - 321. What are the prime factors of s?
2, 281
Let q be 8 + (-7 - -4) - (-4 - -19). List the prime factors of (-16)/(-2)*(-12 + (-265)/q).
2, 29
Let j = -63 - -64. What are the prime factors of (-53 - 0)/(j*7/(-119))?
17, 53
Let q(c) be the first derivative of c**3/3 - c**2/2 - 15*c + 217. Let z be -2*(-2 - -3) - -10. List the prime factors of q(z).
41
Let w(f) = 2*f**2 - f**3 - 55 - 46 + 40*f + 111. What are the prime factors of w(-7)?
3, 19
Let g(n) = -n**3 + 13*n**2 + 13*n - 9. Let x be g(13). Suppose 3*y + 4*f = x, -2*y = f - 111 + 1. Suppose y = 10*i - 9*i. List the prime factors of i.
2, 7
Suppose 33*p + 4868 = 2*j + 29*p, 4*j - 5*p = 9736. What are the prime factors of j?
2, 1217
Suppose -67287 = -3*d + 77056 + 63515. List the prime factors of d.
2, 7, 101
Let i = 252 - 58. Suppose 189*n = i*n - 3055. List the prime factors of n.
13, 47
Let r = -74807 + 108625. List the prime factors of r.
2, 37, 457
Let a be 237*(28/(-12))/(-7). Suppose -75*y + a*y = 256. What are the prime factors of (1*-3 - 75/(-20))*y?
2, 3
Suppose -4*d - 7*o = -2*o + 52, 5*d = -o - 86. Let b = 74 + d. What are the prime factors of b?
2, 7
Let h = 17 - 187. Let p = -98 - h. Suppose -4*b = -z + p, 5*z - 366 + 21 = 5*b. What are the prime factors of z?
2, 17
Let y(c) = -36*c + 959. What are the prime factors of y(-26)?
5, 379
Suppose 0 = 5*x - 3*c - 249311, -51*x + c = -47*x - 199460. List the prime factors of x.
47, 1061
Let t(c) = 8 - 19*c + 5*c + 7*c + c**3 + 10*c**2. List the prime factors of t(-7).
2, 3, 17
Suppose 4*h + 5*i - 71427 = 0, 161*i - 165*i = 2*h - 35724. What are the prime factors of h?
2, 23, 97
List the prime factors of 20/(-60) + 370678/21.
19, 929
Suppose 0 = 41*x + 100*x - 4169511. What are the prime factors of x?
3, 9857
List the prime factors of 6/(-8) + (-7419190)/(-1448).
47, 109
Let w be ((-14074)/(-31))/((-1)/2). Let z = w + 2067. List the prime factors of z.
19, 61
Let q(t) = 18*t**2 - 16*t - 2. Let a be q(5). Let l = a - 244. List the prime factors of l.
2, 31
Let s(t) = 876*t - 672. List the prime factors of s(23).
2, 3, 541
Suppose 10*x - 12*x + 6 = 0. Suppose 2*o = -2*o - z - x, 15 = -3*o - 5*z. Suppose o = 2*t - 3*t + 40. What are the prime factors of t?
2, 5
Let q be (-63*(-16)/120)/(9/(-7800)). List the prime factors of 5 - (-19)/((-152)/q).
3, 5, 61
Suppose -4*u + 5 = -11. Suppose -1438 = -u*i - 2*l, 3*l - 5*l + 714 = 2*i. List the prime factors of i.
2, 181
Let d = 61 - 59. Suppose 8 = d*s - 2*c, -2*s + 5*c + 6 = 1. Suppose -6*j + 3*w = -s*j - 120, -w = -1. What are the prime factors of j?
3, 41
Let f(s) = 5*s + 5. Let n be f(-3). Let c be 3 + 1 - n/(-5). Suppose -3*a = 4*o - 2*a - 116, 58 = c*o - 5*a. What are the prime factors of o?
29
Let s be 0*(0 - 1/(-2)). Suppose s*x = 3*x - 552. Suppose -x = -4*l - 4*u, -2*u = -0*l + 4*l - 194. What are the prime factors of l?
3, 17
Suppose 25*b - 20*b - 35 = 0. Let r(m) = -1 + m**3 + 13 + 5*m**2 - 4*m - b*m + 2*m. List the prime factors of r(-5).
3, 19
Suppose -30*t + 64251 = -25929. Suppose -y - 17*y = -t. What are the prime factors of y?
167
Let b(k) = -16*k - 89. Let g be b(-6). Suppose 74 = t - 5*m, 5*t + 148 = g*t + m. What are the prime factors of t?
2, 37
Let v be (112/1 + -3)*3. Let a = -217 - -11. Let r = a + v. List the prime factors of r.
11
Let o(q) = 1507*q**3 + 6*q**2 + 51*q - 8. What are the prime factors of o(3)?
2, 19, 269
Let g(p) = -5*p**2 - 8*p - 6. Let h(o) = -5*o**2 - 11 - o**2 - 6 - 7*o + 10. Let s(n) = -4*g(n) + 3*h(n). List the prime factors of s(-10).
3, 31
Let t = -228 + 229. Let n(p) = 210*p**2 + 12*p - 11. What are the prime factors of n(t)?
211
Let g(q) = q**2. Let n be g(2). Suppose -4*u - 6*i + 87 = -i, 0 = n*u - 2*i - 122. What are the prime factors of 28/1*(4 - 91/u)?
3, 7
Suppose 19 = 2*q + h, -2*q + 5*h - 5 = -3*q. Suppose 2638 = q*s - 1032. List the prime factors of s.
367
What are the prime factors of (-34)/(-289) + (-4082669)/(-289)?
3, 17, 277
Let t = -44477 + 80511. List the prime factors of t.
2, 43, 419
Let c = 3878 + -1003. Let v = c - 1645. What are the prime factors of v?
2, 3, 5, 41
Suppose -7*d + 5 = -107. Suppose 0 = -d*w + 12*w + 1432. List the prime factors of w.
2, 179
Let i = 2584 + 14231. List the prime factors of i.
3, 5, 19, 59
Suppose -2*m = 137 - 127, 3*a - 5*m - 24865 = 0. What are the prime factors of a?
2, 3, 5, 23
Let o = -472 - -515. Suppose o*n = 10477 + 46197. List the prime factors of n.
2, 659
Let g = -1190 + 2081. Let s = g + -345. What are the prime factors of s?
2, 3, 7, 13
Suppose -78*o - 53335 = -92*o + 54199. What are the prime factors of o?
7681
Suppose 0*y = 6*y - 2118. Let i = 1064 - y. Suppose -3*h = -12*h + i. What are the prime factors of h?
79
Suppose -2*y - 95 = 5*x, 4*y + 6*x + 175 = x. Let l be 1/(123/(-62) - -2). Let u = l + y. List the prime factors of u.
2, 11
What are the prime factors of (-21 + 20)*7 + 41*(512 - -1)?
2, 10513
Suppose -9 = -2*x + 3. Let q be 174*x*4/9. Suppose -q = -c - 3*c. List the prime factors of c.
2, 29
Suppose -21*c + 143 + 193 = 0. Suppose 2*k = -4*u + 122, -17*k = -c*k - u - 55. List the prime factors of k.
3, 19
Let z(l) = -34*l**3 + 18*l**2 + 111*l + 162. What are the prime factors of z(-7)?
79, 151
Suppose 0 = 5*d - 5*x - 0*x - 935, -10 = 2*x. Suppose 0 = -179*o + d*o - 3597. List the prime factors of o.
11, 109
Let k = -129 - -780. Suppose -58*u - 8 = -59*u. Suppose -67 = u*w - k. What are the prime factors of w?
73
Suppose -7*i + 5*i = -s - 8, -5*s = -i + 22. Suppose 3*m - 701 = i*j, m + 239 = 2*m + 2*j. Let y = m + -20. List the prime factors of y.
5, 43
Let y = 31005 - 14891. List the prime factors of y.
2, 7, 1151
Suppose 0 = -5*l - 3147 + 3222. Suppose 0 = 5*r - l, -5*r = -26*y + 21*y + 7025. What are the prime factors of y?
2, 11
List the prime factors of (12556/14)/(54/945).
5, 43, 73
Let r = -140 + 89. Suppose -676 = 5*s + v, 5*v = 2*s + 194 + 71. Let j = r - s. What are the prime factors of j?
2, 3, 7
Let r = 225 - 173. Suppose -r*v + 724 = -48*v. What are the prime factors of v?
181
Suppose -4*l = 5*k - 79, -k + l + 3*l + 35 = 0. Suppose -k + 23 = g. Suppose g*n - 77 = -5*i + 132, -3*i + 245 = 5*n. What are the prime factors of n?
2, 23
Suppose 0 = -2*w - 3*w + 60. Let a(t) = 44*t + 404. Let f be a(-9). Suppose -w*i + f*i = -184. What are the prime factors of i?
2, 23
Suppose -16*i + 18*i = 264. Let l = -136 + i. List the prime factors of 166/10 + l/(-10).
17
Let o = 103 + -100. Let y(c) = 24*c - 13. Let w be y(o). Let i = -48 + w. List the prime factors of i.
11
Suppose -26*w + 222644 = 137*w - 1381276. What are the prime factors of w?
2, 3, 5, 41
What are the prime factors of (-19 - (-173118)/27) + 2/9?
3, 2131
Suppose -12807 = -9*q + 18621. Suppose 5*d - q = -3*f, 4*f + 704 = d - f. What are the prime factors of d?
3, 233
Let s(t) = -1 - 11*t + 38*t - 1. Let y = -15270 + 15274. What are the prime factors of s(y)?
2, 53
Suppose -6 = 3*x, 6*x - 2*x = l - 140. Suppose -5*z + l = 12. Suppose -m + z + 15 = 0. List the prime factors of m.
3, 13
Let r = 57083 + -28472. What are the prime factors of r?
3, 11, 17
Suppose 5620*y - 5587*y - 1027752 = 0. List the prime factors of y.
2, 17, 229
Let f(l) = l**2 - 18*l - 42. Let a be f(-21). Suppose 0 = 24*m - 5319 - a. What are the prime factors of m?
2, 127
Let r = 65190 + -27402. List the prime factors of r.
2, 3, 47, 67
Suppose 69*i = 84*i - 398127 + 92487. List the prime factors of i.
2, 3, 283
Let g(l) = -12*l**3 - 6*l**2 - 19*l - 63. What are the prime factors of g(-11)?
2, 13, 37
Suppose 4*z + 3 = -5*v + 4, 4*z = -v - 3. List the prime factors of (z - -411 - 2) + -1.
11, 37
Let p(t) = 2*t**3 + 70*t**2 - 92*t - 9. What are the prime factors of p(-32)?
7, 1297
Let o(p) = -p**3 + 8*p**2 - 7*p + 2. Let g be o(7). Suppose -38*x - g = -36*x. What are the prime factors of 55 + (-3 - x/(-1))?
3, 17
Let b(d) = 131*d + 2129. List the prime factors of b(155).
2, 3, 3739
Let z be (12/8 + -4)*-2. Suppose 0 = 3*w + 5*i - 646, -z*w + 1182 = i + 76. List the prime factors of w.
2, 3, 37
Let o(v) = 119*v - 5433. What are the prime factors of o(134)?
10513
Let k be -5 + (-23)/(-5) - (-4157)/5. Let x = 873 + k. What are the prime factors of x?
2, 3, 71
Let h(b) = 